ousands digit of q?
1
Let x = 2561 + -359. What is the units digit of x?
2
Let j(d) = 8*d**2 - 4*d + 10. Let u be j(5). Let x be (-1 - (0 + -2))*u. Suppose -67 = y - x. What is the hundreds digit of y?
1
What is the hundreds digit of 3812 + (2 + 4 + -4)/(-2)?
8
Suppose -14*g + 5209 = 575. What is the hundreds digit of g - (-1)/(-2 - (-28)/16)?
3
Let m = -13 - -16. Suppose -3534 = -4*u - 3*v + 1752, 3*u - 3954 = m*v. Suppose 0 = -4*o + 15*o - u. What is the units digit of o?
0
Let p(v) = 2*v**3 - 170*v**2 + 125*v - 92. What is the thousands digit of p(85)?
0
Suppose 0 = 4*n - n + 861. Let c be (-1)/(-6) - n/42 - 2. Suppose -z - 3*t = -2*t - 78, 0 = -2*z + c*t + 121. What is the units digit of z?
3
Let s(x) = 2*x**2 - 16*x - 2. Let o be s(8). What is the hundreds digit of -1*(0 + (-347 - o))?
3
Suppose -3*u = 4*y - 71, 5*u - 25 = -5*y + 3*y. Suppose -24*h + y*h = -3952. What is the tens digit of h?
8
Suppose 74*m - 125*m = -1405305. What is the hundreds digit of m?
5
Let q be 15/(-12) - 15/(-12). Suppose 0*n - 13*n + 2860 = q. What is the units digit of n?
0
Suppose -n - 448 = -227 - 222. Let y(s) = -s - 1. Let b(j) = 56*j - 6. Let z(c) = 2*b(c) - 18*y(c). What is the tens digit of z(n)?
3
Suppose -16*q + 4184 = -81640. What is the thousands digit of q?
5
Let v(g) be the third derivative of -587*g**6/120 - g**5/20 + g**3/3 - 8*g**2. What is the tens digit of v(-1)?
8
Suppose -23*g = -43071 - 55507. What is the hundreds digit of g?
2
Suppose 2*l - 478 = 39*n - 41*n, -12 = 4*l. Let o be 4*(-1 + (-14)/(-8)). Suppose o*x - x = n. What is the units digit of x?
1
Let m(v) = -762*v**3 + 78*v**2 + 227*v - 4. What is the ten thousands digit of m(-3)?
2
Suppose -254935 = -46*c + 79163. What is the hundreds digit of c?
2
Suppose -2 = 4*w - 6. Let t = -2 - w. What is the tens digit of 200 - (-1 - -4*(t - -4))?
9
Let l(z) = 2*z**2 + 25*z - 13. Let j be l(-13). Suppose 4*t + 389 - 1105 = j. What is the units digit of t?
9
Let m be 2/(6/60*4) + 444. Suppose -192*t = -191*t - m. What is the units digit of t?
9
Let u be -3 + (-28)/(-12) + 33/9. Suppose 5*i - 214 = -u*f - f, -3*i + 6 = 0. What is the units digit of f?
1
Let m = -635 - -4000. Suppose 8*u = 1299 + m. What is the tens digit of u?
8
Let g(y) = 630*y**2 - 87*y + 273. What is the units digit of g(3)?
2
Let f = 45383 - 26083. What is the ten thousands digit of f?
1
Suppose -2*t = 4*z + 4, -3*z = -10*t + 5*t + 42. Suppose t*x - 600 = 3*x. Suppose -2*h - 2*b = -6*b - x, 5*h + b - 555 = 0. What is the hundreds digit of h?
1
Let o = -305 + -636. Let j = o - -1673. What is the tens digit of j?
3
Let b = 32226 - 28760. What is the hundreds digit of b?
4
Suppose -12009 = -4*u + 2*o - 899, 2*o = -3*u + 8350. Suppose -2*d + 3*r - 160 = -1295, 5*d - u = -4*r. What is the tens digit of d?
6
Suppose 7*n - 82 = -12. Suppose -954 = -4*f + 3*x, 0*x + n = -5*x. What is the hundreds digit of f?
2
Suppose -3*q = -a - 58, 4*q + a - 73 = -2*a. Suppose q*u + 1301 = 10174. What is the units digit of u?
7
Let z(r) = r**2 - 76. Let a be z(-9). Suppose 2*j - 96 - 320 = -5*f, a*f - 198 = -j. What is the tens digit of j?
1
Suppose 9*k = 11*k + 2470. Let u = k + 1984. What is the tens digit of u?
4
Let s(h) = 6894*h**2 - 16*h - 16. What is the units digit of s(-1)?
4
Let z(i) = -35*i**3 - 3*i**2 + i + 1. Let a be z(1). Let n = 60 + a. What is the tens digit of n?
2
Let o(p) = p**3 + 17*p**2 - 37*p + 22. Let z be o(-19). Let a = 69 + z. What is the tens digit of (-18)/a - ((-330)/8 - -1)?
4
Suppose 13 + 2 = 3*i. Let l(f) = 2*f - 8. Let c be l(i). What is the units digit of (c/(1 + -2))/((-14)/35)?
5
What is the ten thousands digit of 483926/7 - (29 - 7839/273)?
6
Suppose 0 = -30*l + 24045 + 40995. What is the hundreds digit of l?
1
Let z(v) = 244*v + 24. Let d be z(4). Suppose -4*j - d = -4*k, -k = 5*j - 159 - 67. Suppose -u + 4*u = k. What is the tens digit of u?
8
Let k = -17420 - -26292. What is the units digit of k?
2
Suppose 0 = 2*i + h - 2417, 2*h = -2*i + 1198 + 1220. What is the hundreds digit of i?
2
Let a(s) = 4*s + 40. Let j be a(-7). Let u be -2 - ((2 - 5) + j*22). Let q = u + 440. What is the tens digit of q?
7
What is the units digit of -13 - -4*(-82535)/(-68)?
2
Let l = 17 - 77. Let n = 51 + l. Let t(r) = r**2 - 4*r + 2. What is the units digit of t(n)?
9
Let x(y) be the second derivative of 29*y**4/12 - 19*y**3/6 + 139*y**2/2 + 11*y. What is the units digit of x(6)?
9
Suppose -n - 5*d = 99, -3*n - 72 = -2*n - 4*d. Suppose 0 = -11*j + 5*j + 768. Let m = j + n. What is the units digit of m?
4
Let l(t) = -t**3 - 3*t**2 + 4*t - 10. Let o be 363/9 + 2/(-6). Let v be (-2)/(2 + o/(-25)). What is the units digit of l(v)?
0
Let r(b) = b**3 - 28*b**2 - 641*b - 93. What is the ten thousands digit of r(50)?
2
Let p(y) = -17*y**3 + 1. Let a be p(-1). Suppose 26*b - 1112 = a*b. What is the tens digit of b?
3
Suppose 0*n + 13*n - 9936 = -3*n. What is the hundreds digit of n?
6
Let y = 272 + -267. Let t(l) = 2*l**2 + 11*l - 25. What is the tens digit of t(y)?
8
Suppose -4*l + 32035 + 15966 = 5*m, 0 = 4*l - 5*m - 47951. What is the hundreds digit of l?
9
Suppose -3*y + 53504 + 18335 = 2*f, 0 = f + y - 35915. What is the ten thousands digit of f?
3
Suppose -3*w = 5*f - 30146, 0 = -5*w + f - 6541 + 56775. What is the hundreds digit of w?
0
What is the thousands digit of (7920/200)/(6/880)?
5
Let x = 42 - 51. Let f(z) = -7*z - 5. Let u be f(x). Suppose 6*a - u = 350. What is the units digit of a?
8
Suppose 0 = -a + 4*q + 10, 0*a + 5*q + 17 = 2*a. Suppose 0*b = -b + 1. What is the units digit of 120*b - (-4 + a + 0)?
8
Let p = -2 - 1. Let f(a) be the second derivative of 13*a**4/12 + a**3/3 + 5*a**2 - 8*a + 123. What is the hundreds digit of f(p)?
1
Suppose 3*i = -5*t + 53, 1 = -4*i + t + 41. Suppose 7*r + 32 = i. What is the units digit of (-1666)/(-56) + ((-6)/8)/r?
0
Let y(g) = 13059*g - 72. Let n be y(-3). What is the tens digit of n/98*4/(-3)?
3
Suppose 0 = 4*f + 2*x + 3126, -4*f + 2*f + 2*x - 1572 = 0. Let q = f - -1129. What is the hundreds digit of q?
3
Suppose 6*b - 6790 = -8*b. Let l = 451 + b. What is the tens digit of l?
3
Suppose -4*y + 372 = -0*y. Let x = -105 + y. What is the tens digit of (0 + (-196)/x)*9?
4
Let u(i) = i**2 - 17*i + 40. Let a be u(14). Let w be (a/2 - 855)*(-1 - 0). What is the hundreds digit of (-14)/4*w/(-28)?
1
What is the tens digit of 23/((-7)/(1771/1517) + 6)?
1
Let d = 137782 + -59291. What is the hundreds digit of d?
4
Suppose 7*v - 5*v = 10. Let j be (-390)/13*(-64)/v. Suppose -8*d + j = -4*d. What is the tens digit of d?
9
Let j be -3 - (-69)/21 - (-36)/21. Suppose c - 2 = j*c. What is the tens digit of (-84 + 1)*c*6/12?
8
Let t(y) = -y**2 - 4*y + 8. Let w be t(-6). What is the hundreds digit of w/22 + (12416/44 - -2)?
2
Suppose 4*x = -5*a + 8*a + 46272, -3*x + 34687 = 2*a. Suppose -x + 69 = -12*f. What is the tens digit of f?
5
Suppose -4*z - 24 - 24 = 0. Let c be (-4 + 14)*(z/15)/2. What is the units digit of 8*((-4 - c) + 1)?
8
Let z(a) = 2*a**3 - 5*a**2 - 2*a - 15. Let h be z(5). Let u(y) = -y**2 + h*y - 33 - 71*y - 60*y. What is the units digit of u(-21)?
7
Let g = 1498 - 872. Let j = g + -283. What is the units digit of j?
3
Let r = 25 + -22. Suppose -9*d + r*d = 0. Suppose -13 = -q - d*q. What is the tens digit of q?
1
Let g be (72/(-6) - -9)/((-6)/4). Let y(p) = -p**2 - 5*p + 2. Let a be y(-4). Suppose -3*z + 557 = g*b, -a*b + 3*b + 174 = z. What is the hundreds digit of z?
1
Suppose 2*o = -3*z + 52, -2*o = 1 + 1. Let y be 16/72 + 86/z. Suppose 0*j - y*j = -3*w - 255, -j + 39 = -3*w. What is the tens digit of j?
5
Suppose 49 = 5*v + 2*v. Let t be 17*(-5)/(v - 2). Let d = 59 - t. What is the units digit of d?
6
Suppose -13*d = -16 - 36. Suppose 952 = 3*h + h - d*n, -h - 5*n + 214 = 0. What is the tens digit of h?
3
Let y be 3/((-156)/(-8)) + (-168)/78. Let a(c) = -23*c**3 - 2*c**2 + 2*c + 2. What is the units digit of a(y)?
4
Let w = -225 - -316. Let i(c) = c**3 + 16*c**2 + 17*c + 2. Let t be i(-14). Let h = t - w. What is the tens digit of h?
6
Suppose -116 - 114 = -3*h - 5*x, -5*x = -5*h + 410. Suppose -54*t = -h*t + 23556. What is the hundreds digit of t?
9
Suppose 2*n + 6*p = 63176, -3*p = -5*n + 4*n + 31552. What is the tens digit of n?
7
Suppose 3*h - 135009 = 3*c, -c - 90006 